sor of 144 and 2034?
18
Calculate the greatest common factor of 252 and 60.
12
What is the highest common divisor of 2 and 2102?
2
Calculate the highest common factor of 24 and 584.
8
Calculate the greatest common divisor of 315 and 1085.
35
Calculate the highest common factor of 192 and 184.
8
What is the greatest common divisor of 11254 and 68?
34
Calculate the greatest common divisor of 12375 and 9.
9
What is the greatest common factor of 3748 and 16?
4
Calculate the greatest common factor of 836 and 228.
76
Calculate the highest common divisor of 190 and 8056.
38
Calculate the highest common factor of 24 and 1716.
12
Calculate the greatest common factor of 2581 and 609.
29
What is the highest common divisor of 45 and 105?
15
What is the highest common divisor of 17 and 85?
17
Calculate the highest common factor of 55 and 4136.
11
What is the greatest common divisor of 370 and 74?
74
Calculate the greatest common divisor of 31702 and 262.
262
Calculate the greatest common factor of 621 and 138.
69
Calculate the highest common divisor of 4477 and 121.
121
Calculate the highest common factor of 108 and 99.
9
Calculate the highest common divisor of 45 and 1449.
9
What is the highest common factor of 4303 and 13?
13
Calculate the greatest common factor of 1862 and 1470.
98
Calculate the highest common divisor of 8 and 54.
2
What is the highest common factor of 6 and 642?
6
Calculate the highest common factor of 871 and 78.
13
What is the greatest common factor of 2655 and 135?
45
What is the greatest common divisor of 480 and 1140?
60
Calculate the highest common divisor of 2 and 81.
1
What is the greatest common factor of 24 and 78?
6
Calculate the greatest common divisor of 52 and 442.
26
What is the greatest common divisor of 70 and 10?
10
Calculate the greatest common factor of 32770 and 145.
145
Calculate the highest common divisor of 330 and 176.
22
Calculate the highest common factor of 170 and 595.
85
What is the greatest common factor of 1903 and 11?
11
What is the highest common factor of 33 and 14289?
33
What is the greatest common factor of 23 and 161?
23
What is the highest common divisor of 38850 and 50?
50
Calculate the highest common divisor of 3396 and 24.
12
Calculate the greatest common divisor of 35 and 70.
35
Calculate the highest common divisor of 198 and 1144.
22
What is the highest common divisor of 12 and 124?
4
Calculate the highest common factor of 6 and 486.
6
What is the greatest common factor of 882 and 539?
49
What is the highest common factor of 143 and 616?
11
What is the greatest common divisor of 2295 and 135?
135
Calculate the highest common divisor of 42 and 672.
42
Calculate the highest common factor of 1 and 7.
1
What is the greatest common factor of 2 and 7?
1
Calculate the highest common divisor of 3827 and 89.
89
Calculate the highest common divisor of 86 and 946.
86
What is the highest common divisor of 152 and 236?
4
What is the highest common divisor of 24 and 786?
6
What is the highest common divisor of 729 and 1107?
27
What is the highest common factor of 748 and 88?
44
What is the highest common factor of 80 and 1520?
80
What is the greatest common divisor of 213 and 3?
3
Calculate the greatest common factor of 2346 and 102.
102
What is the highest common factor of 6910 and 10?
10
Calculate the greatest common divisor of 34 and 11866.
34
Calculate the highest common divisor of 4122 and 18.
18
What is the highest common factor of 1173 and 69?
69
What is the greatest common factor of 51 and 22627?
17
What is the highest common factor of 110 and 170?
10
What is the highest common factor of 65 and 1105?
65
Calculate the greatest common factor of 2619 and 27.
27
Calculate the highest common divisor of 60 and 2490.
30
What is the greatest common divisor of 90 and 18?
18
Calculate the highest common factor of 1102 and 114.
38
What is the highest common factor of 7 and 189?
7
Calculate the greatest common divisor of 10778 and 34.
34
Calculate the greatest common divisor of 504 and 9702.
126
What is the highest common factor of 954 and 18?
18
Calculate the highest common divisor of 7 and 189.
7
Calculate the greatest common factor of 8129 and 22.
11
Calculate the greatest common factor of 1656 and 48.
24
Calculate the greatest common divisor of 296 and 56.
8
What is the greatest common divisor of 13136 and 16?
16
Calculate the highest common factor of 2420 and 20.
20
What is the greatest common factor of 68 and 7786?
34
Calculate the highest common divisor of 115 and 529.
23
Calculate the highest common divisor of 8722 and 267.
89
What is the greatest common factor of 204 and 1564?
68
What is the greatest common factor of 847 and 1936?
121
What is the greatest common divisor of 108 and 4509?
27
Calculate the greatest common divisor of 114 and 162.
6
What is the highest common factor of 1 and 139?
1
Calculate the greatest common divisor of 96 and 264.
24
Calculate the greatest common divisor of 416 and 104.
104
Calculate the highest common divisor of 589 and 403.
31
What is the greatest common divisor of 266 and 7315?
133
What is the greatest common factor of 589 and 380?
19
Calculate the greatest common factor of 140 and 388.
4
What is the greatest common factor of 56 and 296?
8
What is the highest common factor of 11 and 737?
11
What is the greatest common divisor of 25277 and 14?
7
Calculate the highest common factor of 116 and 87.
29
Calculate the greatest common divisor of 1442 and 412.
206
What is the highest common divisor of 18 and 64?
2
What is the greatest common divisor of 18 and 132?
6
What is the greatest common divisor of 22 and 946?
22
Calculate the highest common divisor of 66233 and 107.
107
Calculate the highest common divisor of 357 and 14.
7
Calculate the highest common divisor of 84 and 636.
12
What is the highest common factor of 1152 and 256?
128
Calculate the highest common factor of 543 and 1267.
181
Calculate the highest common factor of 144 and 624.
48
What is the highest common factor of 73560 and 12?
12
Calculate the greatest common factor of 266 and 14.
14
Calculate the greatest common factor of 48 and 1760.
16
What is the highest common factor of 7707 and 21?
21
What is the greatest common divisor of 1937 and 13?
13
Calculate the greatest common factor of 196 and 140.
28
What is the highest common divisor of 36 and 3?
3
What is the highest common factor of 129 and 4730?
43
What is the greatest common factor of 87 and 2697?
87
What is the highest common divisor of 11 and 6369?
11
Calculate the greatest common divisor of 52 and 884.
52
Calculate the highest common factor of 20 and 570.
10
Calculate the highest common factor of 16 and 1772.
4
What is the greatest common factor of 13 and 143?
13
What is the greatest common divisor of 77 and 21?
7
What is the greatest common divisor of 125 and 265?
5
What is the highest common factor of 66 and 2112?
66
Calculate the greatest common divisor of 3114 and 54.
18
What is the highest common divisor of 240 and 144?
48
Calculate the highest common factor of 22 and 110.
22
What is the greatest common divisor of 732 and 60?
12
What is the greatest common divisor of 84 and 144?
12
Calculate the highest common factor of 62 and 3968.
62
Calculate the highest common divisor of 28 and 12.
4
Calculate the greatest common factor of 833 and 119.
119
What is the greatest common divisor of 282 and 1833?
141
What is the highest common divisor of 130 and 247?
13
Calculate the greatest common factor of 7946 and 1644.
274
What is the greatest common factor of 13 and 962?
13
Calculate the greatest common divisor of 2380 and 748.
68
Calculate the greatest common factor of 108 and 48.
12
Calculate the highest common divisor of 3267 and 242.
121
Calculate the highest common divisor of 2268 and 28.
28
Calculate the highest common divisor of 84 and 12.
12
What is the greatest common factor of 1 and 35?
1
Calculate the highest common divisor of 3096 and 12.
12
What is the greatest common divisor of 1832 and 16?
8
What is the greatest common factor of 136 and 24?
8
Calculate the highest common factor of 225 and 30.
15
Calculate the highest common divisor of 12 and 174.
6
What is the greatest common factor of 639 and 81?
9
Calculate the greatest common diviso